{"id":100754,"date":"2026-04-21T01:55:34","date_gmt":"2026-04-21T07:55:34","guid":{"rendered":"https:\/\/www.veneciacr.com\/index.php\/producto\/candado-para-freno-de-disco-moto-cb-70a-hermex\/"},"modified":"2026-04-21T01:55:35","modified_gmt":"2026-04-21T07:55:35","slug":"candado-para-freno-disco-moto-con-alarma-cb-70a-hermex","status":"publish","type":"product","link":"https:\/\/www.veneciacr.com\/index.php\/producto\/candado-para-freno-disco-moto-con-alarma-cb-70a-hermex\/","title":{"rendered":"CANDADO PARA FRENO DISCO MOTO CON ALARMA CB-70A HERMEX"},"content":{"rendered":"<div class=\"row body_especs tamanio_text\">\n<div class=\"col-11 especs_margen\">\n<p class=\"lh-2\">Cable indicador para recordar que est\u00e1 instalado<\/p>\n<\/div>\n<\/div>\n<div class=\"row body_especs_text tamanio_text\">\n<div class=\"col-1 col_list text-center\"><\/div>\n<div class=\"col-11 especs_margen\">\n<p class=\"lh-2\">Sistema de activaci\u00f3n con presi\u00f3n<\/p>\n<\/div>\n<\/div>\n<div class=\"row top_vin text-center\">\n<div class=\"col vinieta_class\"><img loading=\"lazy\" decoding=\"async\" class=\"img_vinietas\" src=\"https:\/\/www.truper.com\/admin\/images\/vinietas\/NIVELSEGURIDAD.svg\" width=\"252\" height=\"252\" \/><img loading=\"lazy\" decoding=\"async\" class=\"img_vinietas\" src=\"https:\/\/www.truper.com\/admin\/images\/vinietas\/TRU-EXTERIOR-01.svg\" width=\"252\" height=\"252\" \/><\/div>\n<\/div>\n<div><\/div>\n<div>\n<div class=\"col-6\">\n<div class=\"table-responsive tabla_border\">\n<table class=\"table table-bordered table_info_prod align-middle m-0\">\n<tbody>\n<tr id=\"tabla_especs\">\n<th class=\"tamanio_th_especs\" scope=\"row\">\n<p class=\"margen_tabla_especs\">Nivel de seguridad<\/p>\n<\/th>\n<td>\n<p class=\"margen_tabla_especs\">Alta (6)<\/p>\n<\/td>\n<\/tr>\n<tr id=\"tabla_especs\">\n<th class=\"tamanio_th_especs\" scope=\"row\">\n<p class=\"margen_tabla_especs\">Extensi\u00f3n m\u00e1xima de cable<\/p>\n<\/th>\n<td>\n<p class=\"margen_tabla_especs\">1.50 m<\/p>\n<\/td>\n<\/tr>\n<tr id=\"tabla_especs\">\n<th class=\"tamanio_th_especs\" scope=\"row\">\n<p class=\"margen_tabla_especs\">Nivel<\/p>\n<\/th>\n<td>\n<p class=\"margen_tabla_especs\">6<\/p>\n<\/td>\n<\/tr>\n<\/tbody>\n<\/table>\n<\/div>\n<\/div>\n<div class=\"col-6\">\n<div class=\"table-responsive tabla_border\">\n<table class=\"table table-bordered table_info_prod align-middle m-0\">\n<tbody>\n<tr id=\"tabla_especs\">\n<th class=\"tamanio_th_especs\" scope=\"row\">\n<p class=\"margen_tabla_especs\">Di\u00e1metro de perno<\/p>\n<\/th>\n<td>\n<p class=\"margen_tabla_especs\">7 mm<\/p>\n<\/td>\n<\/tr>\n<tr id=\"tabla_especs\">\n<th class=\"tamanio_th_especs\" scope=\"row\">\n<p class=\"margen_tabla_especs\">Dimensiones (Largo x Alto x Ancho)<\/p>\n<\/th>\n<td>\n<p class=\"margen_tabla_especs\">10 cm x 6 cm x 3 cm<\/p>\n<\/td>\n<\/tr>\n<\/tbody>\n<\/table>\n<\/div>\n<\/div>\n<\/div>\n<div class=\"row top_vin text-center\">\n<div class=\"col\"><\/div>\n<div class=\"col\"><\/div>\n<\/div>\n","protected":false},"excerpt":{"rendered":"<p>Cable indicador para recordar que est\u00e1 instalado Sistema de activaci\u00f3n con presi\u00f3n Nivel de seguridad Alta (6) Extensi\u00f3n m\u00e1xima de<\/p>\n","protected":false},"featured_media":100755,"comment_status":"closed","ping_status":"open","template":"","meta":[],"product_brand":[],"product_cat":[15],"product_tag":[],"class_list":{"0":"post-100754","1":"product","2":"type-product","3":"status-publish","4":"has-post-thumbnail","6":"product_cat-uncategorized","8":"first","9":"instock","10":"purchasable","11":"product-type-simple"},"jetpack_sharing_enabled":true,"_links":{"self":[{"href":"https:\/\/www.veneciacr.com\/index.php\/wp-json\/wp\/v2\/product\/100754","targetHints":{"allow":["GET"]}}],"collection":[{"href":"https:\/\/www.veneciacr.com\/index.php\/wp-json\/wp\/v2\/product"}],"about":[{"href":"https:\/\/www.veneciacr.com\/index.php\/wp-json\/wp\/v2\/types\/product"}],"replies":[{"embeddable":true,"href":"https:\/\/www.veneciacr.com\/index.php\/wp-json\/wp\/v2\/comments?post=100754"}],"wp:featuredmedia":[{"embeddable":true,"href":"https:\/\/www.veneciacr.com\/index.php\/wp-json\/wp\/v2\/media\/100755"}],"wp:attachment":[{"href":"https:\/\/www.veneciacr.com\/index.php\/wp-json\/wp\/v2\/media?parent=100754"}],"wp:term":[{"taxonomy":"product_brand","embeddable":true,"href":"https:\/\/www.veneciacr.com\/index.php\/wp-json\/wp\/v2\/product_brand?post=100754"},{"taxonomy":"product_cat","embeddable":true,"href":"https:\/\/www.veneciacr.com\/index.php\/wp-json\/wp\/v2\/product_cat?post=100754"},{"taxonomy":"product_tag","embeddable":true,"href":"https:\/\/www.veneciacr.com\/index.php\/wp-json\/wp\/v2\/product_tag?post=100754"}],"curies":[{"name":"wp","href":"https:\/\/api.w.org\/{rel}","templated":true}]}}