{"id":100006,"date":"2026-04-30T01:54:20","date_gmt":"2026-04-30T07:54:20","guid":{"rendered":"https:\/\/www.veneciacr.com\/index.php\/producto\/limpiador-parabrisas-60ml-concent-56-0199-sabo\/"},"modified":"2026-04-30T01:54:20","modified_gmt":"2026-04-30T07:54:20","slug":"limpiador-parabrisas-60ml-56-0199-sabo","status":"publish","type":"product","link":"https:\/\/www.veneciacr.com\/index.php\/producto\/limpiador-parabrisas-60ml-56-0199-sabo\/","title":{"rendered":"LIMPIADOR PARABRISAS 60ML 56-0199 SABO"},"content":{"rendered":"<table id=\"product-attribute-specs-table\" class=\"data table additional-attributes\">\n<tbody>\n<tr>\n<td class=\"col data\" data-th=\"Hoja de Datos\">\n<h2>Descripci\u00f3n<\/h2>\n<ul>\n<li>Limpiador y desengrasante para parabrisas<\/li>\n<li>Para colocar en el tanque del lavaparabrisas o lavafaros de los autom\u00f3viles<\/li>\n<\/ul>\n<h2>Caracter\u00edsticas<\/h2>\n<ul>\n<li>Cantidad: 60 ml<\/li>\n<li>Color: Azul<\/li>\n<li>Solubilidad en agua: S\u00ed<\/li>\n<li>Composici\u00f3n: Alcoholes, desengrasantes y coadyudantes<\/li>\n<\/ul>\n<h2>Ventajas<\/h2>\n<ul>\n<li>Su composici\u00f3n qu\u00edmica ayuda a mantener y dar duraci\u00f3n a las partes internas, como: mangueras, salida del liquido, partes pl\u00e1sticas o met\u00e1licas<\/li>\n<li>Cumplimiento de calidad ISO 9001 y 14001<\/li>\n<\/ul>\n<h2>Otros<\/h2>\n<ul>\n<li>Verter 60 ml en el tanque limpia parabrisas y rellenar por completo de agua<\/li>\n<\/ul>\n<\/td>\n<\/tr>\n<tr>\n<th class=\"col label\" scope=\"row\">Marca<\/th>\n<td class=\"col data\" data-th=\"Marca\">SABOz<\/td>\n<\/tr>\n<\/tbody>\n<\/table>\n","protected":false},"excerpt":{"rendered":"<p>Descripci\u00f3n Limpiador y desengrasante para parabrisas Para colocar en el tanque del lavaparabrisas o lavafaros de los autom\u00f3viles Caracter\u00edsticas Cantidad:<\/p>\n","protected":false},"featured_media":100007,"comment_status":"closed","ping_status":"open","template":"","meta":[],"product_brand":[],"product_cat":[15],"product_tag":[],"class_list":{"0":"post-100006","1":"product","2":"type-product","3":"status-publish","4":"has-post-thumbnail","6":"product_cat-uncategorized","8":"first","9":"instock","10":"purchasable","11":"product-type-simple"},"jetpack_sharing_enabled":true,"_links":{"self":[{"href":"https:\/\/www.veneciacr.com\/index.php\/wp-json\/wp\/v2\/product\/100006","targetHints":{"allow":["GET"]}}],"collection":[{"href":"https:\/\/www.veneciacr.com\/index.php\/wp-json\/wp\/v2\/product"}],"about":[{"href":"https:\/\/www.veneciacr.com\/index.php\/wp-json\/wp\/v2\/types\/product"}],"replies":[{"embeddable":true,"href":"https:\/\/www.veneciacr.com\/index.php\/wp-json\/wp\/v2\/comments?post=100006"}],"wp:featuredmedia":[{"embeddable":true,"href":"https:\/\/www.veneciacr.com\/index.php\/wp-json\/wp\/v2\/media\/100007"}],"wp:attachment":[{"href":"https:\/\/www.veneciacr.com\/index.php\/wp-json\/wp\/v2\/media?parent=100006"}],"wp:term":[{"taxonomy":"product_brand","embeddable":true,"href":"https:\/\/www.veneciacr.com\/index.php\/wp-json\/wp\/v2\/product_brand?post=100006"},{"taxonomy":"product_cat","embeddable":true,"href":"https:\/\/www.veneciacr.com\/index.php\/wp-json\/wp\/v2\/product_cat?post=100006"},{"taxonomy":"product_tag","embeddable":true,"href":"https:\/\/www.veneciacr.com\/index.php\/wp-json\/wp\/v2\/product_tag?post=100006"}],"curies":[{"name":"wp","href":"https:\/\/api.w.org\/{rel}","templated":true}]}}